What is the hundreds digit of 890239?
2
What is the tens digit of 199880?
8
What is the millions digit of 2064729?
2
What is the ten thousands digit of 2623803?
2
What is the thousands digit of 4250295?
0
What is the tens digit of 3710354?
5
What is the tens digit of 1601764?
6
What is the hundreds digit of 154710?
7
What is the hundred thousands digit of 1272933?
2
What is the units digit of 624748?
8
What is the tens digit of 6141684?
8
What is the units digit of 4143072?
2
What is the tens digit of 74578?
7
What is the thousands digit of 572573?
2
What is the hundreds digit of 17841999?
9
What is the hundreds digit of 1970199?
1
What is the units digit of 7555716?
6
What is the hundred thousands digit of 5561090?
5
What is the hundred thousands digit of 359076?
3
What is the ten thousands digit of 29835125?
3
What is the ten thousands digit of 532057?
3
What is the units digit of 1030596?
6
What is the thousands digit of 583732?
3
What is the tens digit of 5941823?
2
What is the hundreds digit of 2168440?
4
What is the tens digit of 11966730?
3
What is the tens digit of 468265?
6
What is the hundreds digit of 1054243?
2
What is the hundred thousands digit of 6315105?
3
What is the hundred thousands digit of 141520?
1
What is the ten thousands digit of 30449571?
4
What is the millions digit of 23453891?
3
What is the ten thousands digit of 1537911?
3
What is the hundred thousands digit of 4147001?
1
What is the tens digit of 53265?
6
What is the hundred thousands digit of 21290627?
2
What is the ten thousands digit of 4778978?
7
What is the units digit of 84913?
3
What is the tens digit of 608720?
2
What is the hundreds digit of 308683?
6
What is the units digit of 2689003?
3
What is the thousands digit of 2087048?
7
What is the units digit of 22820?
0
What is the thousands digit of 2220430?
0
What is the hundreds digit of 8020217?
2
What is the thousands digit of 64775?
4
What is the millions digit of 12494946?
2
What is the thousands digit of 531719?
1
What is the tens digit of 351786?
8
What is the units digit of 232669?
9
What is the hundreds digit of 482505?
5
What is the thousands digit of 20727004?
7
What is the ten thousands digit of 821091?
2
What is the hundreds digit of 797343?
3
What is the tens digit of 19721955?
5
What is the tens digit of 564782?
8
What is the units digit of 7952465?
5
What is the tens digit of 1249623?
2
What is the units digit of 780548?
8
What is the units digit of 38523246?
6
What is the millions digit of 1493810?
1
What is the units digit of 2778903?
3
What is the units digit of 529264?
4
What is the units digit of 7554892?
2
What is the thousands digit of 126192?
6
What is the hundreds digit of 1438169?
1
What is the millions digit of 1266949?
1
What is the hundreds digit of 435479?
4
What is the ten thousands digit of 410923?
1
What is the tens digit of 13274965?
6
What is the tens digit of 198554?
5
What is the tens digit of 33818?
1
What is the units digit of 231751?
1
What is the hundred thousands digit of 18080729?
0
What is the ten thousands digit of 1037118?
3
What is the tens digit of 2756550?
5
What is the thousands digit of 158731?
8
What is the tens digit of 193893?
9
What is the hundred thousands digit of 2283866?
2
What is the hundred thousands digit of 770117?
7
What is the thousands digit of 6309651?
9
What is the thousands digit of 2635616?
5
What is the units digit of 2957385?
5
What is the hundreds digit of 3374660?
6
What is the thousands digit of 58455?
8
What is the ten thousands digit of 5072888?
7
What is the tens digit of 5233977?
7
What is the ten thousands digit of 521577?
2
What is the tens digit of 193994?
9
What is the ten millions digit of 11440512?
1
What is the millions digit of 1377585?
1
What is the hundred thousands digit of 243426?
2
What is the thousands digit of 87250?
7
What is the tens digit of 445471?
7
What is the units digit of 6368099?
9
What is the tens digit of 1533614?
1
What is the hundred thousands digit of 2975277?
9
What is the hundreds digit of 574614?
6
What is the hundreds digit of 11369163?
1
What is the hundreds digit of 1755355?
3
What is the thousands digit of 27318?
7
What is the tens digit of 3609770?
7
What is the hundreds digit of 228121?
1
What is the hundreds digit of 2059920?
9
What is the millions digit of 2119030?
2
What is the tens digit of 1003463?
6
What is the hundreds digit of 1653767?
7
What is the hundred thousands digit of 323094?
3
What is the thousands digit of 8809360?
9
What is the units digit of 1578256?
6
What is the units digit of 18386017?
7
What is the hundreds digit of 213601?
6
What is the thousands digit of 3119387?
9
What is the ten thousands digit of 63426?
6
What is the millions digit of 2211995?
2
What is the thousands digit of 11230130?
0
What is the units digit of 2213569?
9
What is the thousands digit of 22089?
2
What is the ten millions digit of 37029456?
3
What is the tens digit of 5562476?
7
What is the tens digit of 166401?
0
What is the hundreds digit of 40168?
1
What is the thousands digit of 20665?
0
What is the tens digit of 64481?
8
What is the thousands digit of 27858246?
8
What is the hundred thousands digit of 6419645?
4
What is the units digit of 2244505?
5
What is the ten thousands digit of 22724394?
2
What is the hundreds digit of 26948077?
0
What is the units digit of 1843752?
2
What is the units digit of 8365839?
9
What is the hundred thousands digit of 5049739?
0
What is the units digit of 6811296?
6
What is the units digit of 28578724?
4
What is the ten thousands digit of 233205?
3
What is the thousands digit of 98524?
8
What is the units digit of 46597?
7
What is the units digit of 2475730?
0
What is the tens digit of 9233?
3
What is the hundreds digit of 129709?
7
What is the hundreds digit of 1251534?
5
What is the ten thousands digit of 17528?
1
What is the units digit of 3417137?
7
What is the hundred thousands digit of 3007742?
0
What is the units digit of 492601?
1
What is the ten thousands digit of 5256914?
5
What is the hundreds digit of 10359?
3
What is the hundred thousands digit of 2495307?
4
What is the thousands digit of 284738?
4
What is the tens digit of 1045248?
4
What is the units digit of 3757349?
9
What is the thousands digit of 3597?
3
What is the thousands digit of 5966574?
6
What is the units digit of 392847?
7
What is the hundred thousands digit of 4747436?
7
What is the hundred thousands digit of 15368446?
3
What is the tens digit of 476926?
2
What is the hundreds digit of 43069?
0
What is the hundreds digit of 16806080?
0
What is the hundred thousands digit of 6633879?
6
What is the thousands digit of 306290?
6
What is the tens digit of 126699?
9
What is the hundred thousands digit of 311165?
3
What is the ten thousands digit of 2119761?
1
What is the ten millions digit of 15515557?
1
What is the tens digit of 209137?
3
What is the thousands digit of 13536?
3
What is the hundred thousands digit of 1739144?
7
What is the units digit of 906392?
2
What is the tens digit of 1944978?
7
What is the hundreds digit of 141928?
9
What is the thousands digit of 182082?
2
What is the units digit of 121805?
5
What is the ten thousands digit of 15976?
1
What is the tens digit of 50932?
3
What is the hundred thousands digit of 6136811?
1
What is the ten thousands digit of 23337496?
3
What is the hundred thousands digit of 9800040?
8
What is the millions digit of 25517158?
5
What is the tens digit of 310102?
0
What is the tens digit of 82380?
8
What is the ten thousands digit of 191540?
9
What is the tens digit of 733502?
0
What is the units digit of 5289289?
9
What is the ten thousands digit of 720946?
2
What is the thousands digit of 14368993?
8
What is the tens digit of 5490134?
3
What is the millions digit of 30968797?
0
What is the units digit of 1343503?
3
What is the hundreds digit of 925168?
1
What is the hundreds digit of 31292706?
7
What is the hundred thousands digit of 113915?
1
What is the millions digit of 1144120?
1
What is the hundreds digit of 5032767?
7
What is the ten thousands digit of 92754?
9
What is the units digit of 760676?
6
What is the hundreds digit of 16280?
2
What is the ten thousands digit of 456839?
5
What is the hundreds digit of 323547?
5
What i